{"id":642,"date":"2023-04-19T08:36:09","date_gmt":"2023-04-19T11:36:09","guid":{"rendered":"https:\/\/sinemunicipal.campinagrande.pb.gov.br\/?page_id=642"},"modified":"2023-04-19T08:45:25","modified_gmt":"2023-04-19T11:45:25","slug":"cadastro-de-artistas","status":"publish","type":"page","link":"http:\/\/sinemunicipal.campinagrande.pb.gov.br\/?page_id=642","title":{"rendered":"Cadastro de Artistas"},"content":{"rendered":"\t\t<div data-elementor-type=\"wp-page\" data-elementor-id=\"642\" class=\"elementor elementor-642\">\n\t\t\t\t\t\t<section class=\"elementor-section elementor-top-section elementor-element elementor-element-2ebaf744 elementor-section-boxed elementor-section-height-default elementor-section-height-default\" data-id=\"2ebaf744\" data-element_type=\"section\">\n\t\t\t\t\t\t<div class=\"elementor-container elementor-column-gap-default\">\n\t\t\t\t\t<div class=\"elementor-column elementor-col-100 elementor-top-column elementor-element elementor-element-1d2061d6\" data-id=\"1d2061d6\" data-element_type=\"column\">\n\t\t\t<div class=\"elementor-widget-wrap elementor-element-populated\">\n\t\t\t\t\t\t<div class=\"elementor-element elementor-element-b7c8bd5 elementor-widget elementor-widget-image\" data-id=\"b7c8bd5\" data-element_type=\"widget\" data-widget_type=\"image.default\">\n\t\t\t\t<div class=\"elementor-widget-container\">\n\t\t\t\t\t\t\t\t\t\t\t\t\t\t\t<img fetchpriority=\"high\" decoding=\"async\" width=\"640\" height=\"360\" src=\"http:\/\/sinemunicipal.campinagrande.pb.gov.br\/wp-content\/uploads\/2023\/04\/Welcome-1-1024x576.png\" class=\"attachment-large size-large wp-image-651\" alt=\"\" srcset=\"http:\/\/sinemunicipal.campinagrande.pb.gov.br\/wp-content\/uploads\/2023\/04\/Welcome-1-1024x576.png 1024w, http:\/\/sinemunicipal.campinagrande.pb.gov.br\/wp-content\/uploads\/2023\/04\/Welcome-1-300x169.png 300w, http:\/\/sinemunicipal.campinagrande.pb.gov.br\/wp-content\/uploads\/2023\/04\/Welcome-1-768x432.png 768w, http:\/\/sinemunicipal.campinagrande.pb.gov.br\/wp-content\/uploads\/2023\/04\/Welcome-1-1536x863.png 1536w, http:\/\/sinemunicipal.campinagrande.pb.gov.br\/wp-content\/uploads\/2023\/04\/Welcome-1-2048x1151.png 2048w\" sizes=\"(max-width: 640px) 100vw, 640px\" \/>\t\t\t\t\t\t\t\t\t\t\t\t\t\t\t<\/div>\n\t\t\t\t<\/div>\n\t\t\t\t<div class=\"elementor-element elementor-element-141c0c7d elementor-widget elementor-widget-text-editor\" data-id=\"141c0c7d\" data-element_type=\"widget\" data-widget_type=\"text-editor.default\">\n\t\t\t\t<div class=\"elementor-widget-container\">\n\t\t\t\t\t\t\t\t\t<p><span style=\"color: var( --e-global-color-text ); font-family: var( --e-global-typography-text-font-family ), Sans-serif; font-weight: var( --e-global-typography-text-font-weight );\">Voc\u00ea que \u00e9 artista e est\u00e1 a procura de oportunidades. Fa\u00e7a seu cadastro no Sine Municipal de Campina Grande. <\/span><strong style=\"color: var( --e-global-color-text ); font-family: var( --e-global-typography-text-font-family ), Sans-serif;\">Basta clicar abaixo e preencher o formul\u00e1rio.<\/strong><\/p>\t\t\t\t\t\t\t\t<\/div>\n\t\t\t\t<\/div>\n\t\t\t\t<div class=\"elementor-element elementor-element-30f6dea elementor-widget elementor-widget-button\" data-id=\"30f6dea\" data-element_type=\"widget\" data-widget_type=\"button.default\">\n\t\t\t\t<div class=\"elementor-widget-container\">\n\t\t\t\t\t\t\t\t\t<div class=\"elementor-button-wrapper\">\n\t\t\t\t\t<a class=\"elementor-button elementor-button-link elementor-size-sm\" href=\"https:\/\/docs.google.com\/forms\/d\/e\/1FAIpQLScuKgyYmXqwMnjEZI7M9N_N6Yp9P4S_8PPXDff2ar5WjlOtrQ\/viewform\" target=\"_blank\">\n\t\t\t\t\t\t<span class=\"elementor-button-content-wrapper\">\n\t\t\t\t\t\t\t\t\t<span class=\"elementor-button-text\">Clique aqui<\/span>\n\t\t\t\t\t<\/span>\n\t\t\t\t\t<\/a>\n\t\t\t\t<\/div>\n\t\t\t\t\t\t\t\t<\/div>\n\t\t\t\t<\/div>\n\t\t\t\t\t<\/div>\n\t\t<\/div>\n\t\t\t\t\t<\/div>\n\t\t<\/section>\n\t\t\t\t<\/div>\n\t\t","protected":false},"excerpt":{"rendered":"<p>Voc\u00ea que \u00e9 artista e est\u00e1 a procura de oportunidades. Fa\u00e7a seu cadastro no Sine Municipal de Campina Grande. Basta clicar abaixo e preencher o formul\u00e1rio. Clique aqui<\/p>\n","protected":false},"author":5,"featured_media":0,"parent":0,"menu_order":0,"comment_status":"closed","ping_status":"closed","template":"","meta":{"footnotes":""},"class_list":["post-642","page","type-page","status-publish","hentry"],"rttpg_featured_image_url":null,"rttpg_author":{"display_name":"midia sine","author_link":"http:\/\/sinemunicipal.campinagrande.pb.gov.br\/?author=5"},"rttpg_comment":0,"rttpg_category":null,"rttpg_excerpt":"Voc\u00ea que \u00e9 artista e est\u00e1 a procura de oportunidades. Fa\u00e7a seu cadastro no Sine Municipal de Campina Grande. Basta clicar abaixo e preencher o formul\u00e1rio. Clique aqui","_links":{"self":[{"href":"http:\/\/sinemunicipal.campinagrande.pb.gov.br\/index.php?rest_route=\/wp\/v2\/pages\/642","targetHints":{"allow":["GET"]}}],"collection":[{"href":"http:\/\/sinemunicipal.campinagrande.pb.gov.br\/index.php?rest_route=\/wp\/v2\/pages"}],"about":[{"href":"http:\/\/sinemunicipal.campinagrande.pb.gov.br\/index.php?rest_route=\/wp\/v2\/types\/page"}],"author":[{"embeddable":true,"href":"http:\/\/sinemunicipal.campinagrande.pb.gov.br\/index.php?rest_route=\/wp\/v2\/users\/5"}],"replies":[{"embeddable":true,"href":"http:\/\/sinemunicipal.campinagrande.pb.gov.br\/index.php?rest_route=%2Fwp%2Fv2%2Fcomments&post=642"}],"version-history":[{"count":9,"href":"http:\/\/sinemunicipal.campinagrande.pb.gov.br\/index.php?rest_route=\/wp\/v2\/pages\/642\/revisions"}],"predecessor-version":[{"id":654,"href":"http:\/\/sinemunicipal.campinagrande.pb.gov.br\/index.php?rest_route=\/wp\/v2\/pages\/642\/revisions\/654"}],"wp:attachment":[{"href":"http:\/\/sinemunicipal.campinagrande.pb.gov.br\/index.php?rest_route=%2Fwp%2Fv2%2Fmedia&parent=642"}],"curies":[{"name":"wp","href":"https:\/\/api.w.org\/{rel}","templated":true}]}}